culate the greatest common factor of 3 and b.
3
Let j(o) = o**2 - 6*o - 1. Suppose t = 4*t - 15. Let k be j(t). Let y be (-291)/(-9) + 2/k. Calculate the highest common factor of y and 64.
32
Suppose 3*s - 59 + 35 = 0. Let r be s + (1 - -2) - -2. Calculate the greatest common divisor of r and 13.
13
Let t(g) = -g**3 + 36*g**2 - 35*g + 39. Let p be t(35). What is the greatest common divisor of 156 and p?
39
Let b(n) = 6*n + 6. Let h be b(15). Suppose -9 = -5*a + h. Let x = 4 + a. Calculate the highest common factor of x and 275.
25
Suppose -3*r + 346 = -452. Let t be 458/12 + (-9)/54. What is the greatest common divisor of t and r?
38
Let q = 14 - 10. Suppose 0 = -q*t - 368 - 64. Let f be 24/t - (-1073)/9. What is the greatest common divisor of 17 and f?
17
Suppose -2*s = -4*s + 8. Let t = 203 + -201. What is the highest common factor of s and t?
2
Suppose 0*a = 3*a - 48. Suppose -2*v + p + 4*p = -39, -4*v + 133 = p. What is the highest common divisor of a and v?
16
Let a(t) = 5*t - 43. Let c be a(0). Let q = 72 + c. What is the highest common factor of q and 58?
29
Let y(a) = 6*a + 3. Let w be y(1). Let s be (-6468)/(-48) + 1/4. Let f = s - 63. Calculate the highest common divisor of f and w.
9
Let t be 6/(-4)*-1*84/9. Calculate the greatest common factor of 42 and t.
14
Let o be -3*(-5 + 3)*-1. Let f be 51/2 + o/4. Calculate the highest common divisor of f and 8.
8
Suppose 0*f - 2*f = 5*k - 4188, -1676 = -2*k - f. Let p be (-2)/(-7) - k/(-14). What is the greatest common factor of p and 24?
12
Let t be 2/3 - 42/(-18). Suppose t*b = 5*b - 24. What is the highest common factor of b and 12?
12
Let n(s) = -11*s. Let m be n(-5). Suppose 7*z + m = 12*z. Suppose -2*i + 242 = -0*i. What is the greatest common divisor of z and i?
11
Let b(x) = -x**2 + 3*x - 18. Let q be b(10). Let m = 128 + q. Suppose f - i - 29 + 7 = 0, 3*f - 58 = -i. Calculate the highest common divisor of m and f.
20
Let l = 91 + -77. Calculate the highest common divisor of l and 252.
14
Let c(i) = 12*i**2 - 3*i + 2. Let u be c(2). Let z = u + -22. Calculate the highest common divisor of z and 11.
11
Suppose -8*z = -10*z + 50. Suppose -2*o = -p + o + 19, 0 = 5*o + z. Let q(k) = k**2 - 4*k + 4. Let b be q(6). Calculate the greatest common factor of p and b.
4
Let c(k) = 3*k - 20. Let n = -5 - -25. Let i be c(n). Calculate the highest common factor of i and 10.
10
Let m(d) = -3*d. Let h = -12 - -11. Let y be m(h). Suppose -l + 4 = y*l. Calculate the highest common divisor of l and 5.
1
Let f be (1 - -2)*8/6. Let k be 8/5 + (-18)/30. What is the greatest common divisor of f and k?
1
Let b = 15 + -27. Let q = b - -14. Suppose q*t = 6*t - 72. What is the highest common factor of t and 9?
9
Suppose 0 = 25*x - 32527 - 1423. What is the greatest common factor of x and 14?
14
Let s be 0 + (29 + 4 - -2). Let h be (2/5)/((-1)/s). Let y be 692/28 - 4/h. What is the greatest common factor of 10 and y?
5
Suppose -3*i + 832 = i. Suppose 4*b - 19*m = -17*m + 54, 66 = 5*b - m. What is the highest common divisor of b and i?
13
Suppose -3*z + 222 = -1218. Calculate the highest common divisor of 45 and z.
15
Let h be (-1)/5 + 305/25 + 0. Calculate the highest common divisor of h and 252.
12
Let a(w) = 28*w**2 - 2*w + 1. Let r be a(1). Let p = r - 25. What is the greatest common factor of 2 and p?
2
Let o(j) = 4*j + 2. Let c be o(4). Let l(h) = 10*h - 128. Let x be l(13). Calculate the highest common divisor of c and x.
2
Let o = -2853 + 4161. What is the greatest common divisor of o and 24?
12
Let m be (2 - -113) + (2 - (1 - -2)). What is the greatest common factor of 18 and m?
6
Suppose 0 = 4*n - 20, 69 = 2*j + n + 2*n. Suppose 4*i - 7*i + j = 0. What is the highest common divisor of i and 63?
9
Let a = 2294 - 348. What is the greatest common divisor of 28 and a?
14
Let y(u) = u**2 + 3*u - 5. Suppose 2*v - 28 = 4*c, 0*c + 15 = -3*c. Let t be y(v). What is the greatest common factor of 23 and t?
23
Let b be 2*(22/4)/1. Let c be (-1)/(-5) - (-294)/30. Let g be 16/c*-15*11/(-6). What is the greatest common factor of g and b?
11
Suppose -122 - 214 = 6*q. Let n = q - -107. Calculate the greatest common factor of n and 34.
17
Suppose -12 = -2*l + 2. Let q(o) = o + 2. Let g be q(l). Let y be (g - 2) + 0 + -2. What is the highest common factor of y and 45?
5
Let v(c) = 8*c - 8. Let f be v(6). Suppose -5*h - 20 = -3*o, 11*h = -3*o + 6*h + 40. What is the highest common factor of f and o?
10
Let h = -14 - 4. Let d be (-3)/(h/(-8))*18. Let o be (d/(-14))/(8/308). What is the highest common factor of 6 and o?
6
Suppose -4*u + 317 = 5*h, -4*h - 52 + 293 = -u. Let y = 5 + h. What is the highest common divisor of 44 and y?
22
Suppose 2*b = 3 + 15. Suppose -b*g + 44 = -7*g. Suppose -48 = -4*i + 84. Calculate the highest common factor of g and i.
11
Let n = -2344 + 2357. Let j(c) = 90*c + 1. Let s be j(1). What is the greatest common factor of s and n?
13
Let k(b) = -2*b**2 - 23*b - 6. Let w be k(-10). Let j = 498 + -442. Calculate the greatest common divisor of j and w.
8
Suppose 0 = 4*z - 9*z + x + 142, 2*z = -3*x + 50. Let m = -55 - -61. Let j be (-1060)/(-15) - 4/m. Calculate the highest common factor of j and z.
14
Let p = -7 - -502. Let k be ((-2)/6)/((-15)/2025). Calculate the greatest common factor of k and p.
45
Let o be (-2*3)/(4/(-30)). Let u(p) = 5*p + 3. Let l = 1 + 2. Let v be u(l). Calculate the greatest common divisor of v and o.
9
Let f be 714/45 + ((-329)/(-105) - 3). What is the highest common factor of f and 248?
8
Suppose 2*a - 199 = 11*j - 14*j, -5*j + 305 = -2*a. Suppose 3*u = -d + 44 - 17, -4*d - 3*u + j = 0. Calculate the greatest common factor of 42 and d.
6
Let m(u) = u**3 + 5*u**2 - u - 4. Let o be m(-3). Suppose 4*r + 8 + 0 = 0, 5*a + 76 = -3*r. Let i = o + a. Calculate the greatest common factor of 15 and i.
3
Let x be 6*(0 - 3/2). Let f be 24/108 - (-2)/x. Suppose -3*d + d + 36 = f. Calculate the greatest common factor of 2 and d.
2
Suppose 4*v - 41 = 5*b, -v + b + 2*b + 19 = 0. Suppose v = -5*u + 2*p + 199, -u = 4*p - 39. Calculate the greatest common divisor of u and 13.
13
Let k = -11 - -15. Suppose -y - 68 = -3*l, -y - 67 = -2*l + k*y. Suppose -l = -3*v + 18. Calculate the greatest common factor of v and 65.
13
Suppose 0 = -3*k - 4*x + 13, 2*k - 1 - 6 = -x. Suppose -4*t - t - 99 = -k*z, -z + 41 = t. Calculate the highest common divisor of 57 and z.
19
Let h be (-45)/(-1)*(-1071)/(-105). Suppose 3*a = -4*b + 210, -3*b = a - 22 - 133. Calculate the greatest common divisor of h and b.
51
Let g(u) = u**2 + 5*u - 112. Let r be g(-14). What is the highest common factor of 112 and r?
14
Let k = 99 + -67. Suppose 5*f - 7 = 5*q + 23, -4*q - 14 = -2*f. Suppose -3*w = -1 - 2, 5*a = -f*w + 405. What is the highest common divisor of a and k?
16
Let g be 4/(-8 - 4) - 1432/(-3). Calculate the highest common factor of 53 and g.
53
Let f = -260 - -270. What is the highest common divisor of f and 70?
10
Suppose 0*k + 5*w - 2 = k, -3*k - 56 = -5*w. Let l be (-681)/k - 6/27. What is the greatest common divisor of 10 and l?
5
Suppose -8 = -12*k + 16. Let u be 2*-1 - 8/(-1). Calculate the greatest common factor of u and k.
2
Let i(c) = -6*c + 292. Let p be i(4). What is the greatest common factor of 4 and p?
4
Suppose 2*i = -4*l + 20, i - 12 = -4*l - 0. Let f = 29 - i. Calculate the greatest common factor of f and 14.
7
Suppose -4*c + 36*c = 3456. What is the greatest common factor of 72 and c?
36
Let p(f) = f**3 - 2*f**2 + f - 2. Let a be p(4). Suppose 5*t - 4 = 6*t - 2*o, -2*o + a = 4*t. What is the greatest common divisor of 14 and t?
2
Let n(v) = 17*v**2 + 3*v + 10. Let x be n(-5). Calculate the highest common divisor of x and 12.
12
Let m be (2 - (2 - 1)) + 4. Let q be (-1 + 0)*(-19)/((-19)/(-55)). Calculate the highest common divisor of m and q.
5
Suppose 10321 + 5107 = 38*l. Calculate the greatest common factor of l and 14.
14
Let t(z) = -z**3 + 7*z**2 - 6. Let d be t(4). What is the greatest common divisor of 102 and d?
6
Let h be 1*-1 - (-11 + 5). Let w be (h + -4)/(2/26). Suppose 0 = 2*n - 194 + 12. Calculate the highest common divisor of w and n.
13
Let n = 507 - 275. Suppose -2*i + 2*o = -n, -2*i + 2*o - o + 235 = 0. What is the greatest common factor of 17 and i?
17
Let o(s) = s**2 + 10